 be 4/(0 - 2)*(-28)/8. What is the units digit of x(z)?
4
Let o(t) = t**3 + 18*t**2 + 14*t - 15. What is the tens digit of o(-14)?
7
Let r = -5122 - -7645. What is the thousands digit of r?
2
Suppose -4*n = 3*p - 2*n - 5, -5*p = -2*n - 35. Suppose -5*q + 15 = -2*q, -p*q + 373 = 4*v. What is the units digit of v?
7
Let p(r) = -16*r**3 - 2*r**2 - 3*r - 1. Let m be p(-2). Suppose 2*x = 3*x + 5*q - 15, m = 3*x - q. What is the tens digit of ((-24)/15)/((-1)/x)?
6
Suppose 9*r = -544 + 1768. What is the tens digit of r?
3
Let i = 182 + 242. What is the hundreds digit of i?
4
Suppose 4*u + 0*u = 2016. Suppose 3*o - 3*h = u, -5*o + 819 = -10*h + 12*h. What is the tens digit of o?
6
Suppose 22805 = 43*j - 14992. What is the units digit of j?
9
Let i be 186/4*(-24)/(-18). What is the tens digit of 0 + i - (-2 + -10)/(-6)?
6
Suppose 0 = 3011*i - 3012*i + 2062. What is the units digit of i?
2
Suppose -10*x + 12 = -4*x. What is the units digit of x?
2
Let n = -6 - 34. Let y = n + 199. What is the units digit of y?
9
Let p(r) = r**2 + r + 2. Let q be p(-5). Let m = -39 + 42. Suppose -m*j = 5*v - 0*v - q, -4*v + 19 = j. What is the units digit of v?
5
Suppose 5*b - g - 4*g = 35, b = -2*g - 8. Suppose -b*a + 81 = -7. What is the tens digit of a?
4
Let c = 163 + 96. Suppose -2*y - 2*q + 130 = 0, 0 = -4*y + q - 6*q + c. What is the units digit of y?
6
Let b(r) = 9*r**2 + 325*r + 35. What is the hundreds digit of b(-46)?
1
Suppose 0 = -a - 3*a + 20. Suppose 0 = -4*y - 2*d + 10, -5*y + d + 8 = a*d. What is the tens digit of (-141)/(-12) + (-3)/y?
1
Suppose 6*d + 1919 = 14093. What is the tens digit of d?
2
Suppose 44 = 4*v - 44. Suppose 2*q = 2 + 4, -5*o + 4*q = v. What is the tens digit of ((1 + o)*-22)/1?
2
Let z(i) = -1. Let b(m) = 52*m + 5. Let n(y) = -b(y) - 6*z(y). What is the hundreds digit of n(-3)?
1
What is the tens digit of 1 + 2 + 63 + 21/7?
6
Let s = 98 - 94. Suppose y + 3*y = -s*a + 872, 0 = 5*a - 25. What is the hundreds digit of y?
2
Suppose -18*b = -11*b - 1449. Suppose 0 = 4*d - d - b. What is the units digit of d?
9
Let a(k) = -3*k - 3. Let x be a(-2). Suppose -23 = -4*r - x*h, -4*r + 3*h - 8 + 1 = 0. Suppose -3*y = r*y - 155. What is the units digit of y?
1
Suppose 5*o - 18 = -v, 3*v - 3*o = -v + 3. Suppose 5*r - 20 = 15. Suppose r = 2*s - s - 2*g, -v*g + 72 = 4*s. What is the units digit of s?
5
Let c = 331 - 195. Let v = 153 - c. What is the tens digit of v?
1
Let b(h) = h - 4. Let o be b(7). Suppose 0 = o*v - 32 - 16. Suppose y = -y + v. What is the units digit of y?
8
Suppose 4*c - y - 385 = 0, -10*c = -7*c - 2*y - 295. What is the units digit of c?
5
Suppose 8*v - 501 - 403 = 0. Let a be 4/6 - (-7)/3. Suppose a*i - 7 = v. What is the tens digit of i?
4
Suppose 0 = -4*h + 551 + 173. What is the hundreds digit of h?
1
Let b be (-6)/(-15) + (-376)/(-10). Let z = b - 4. Suppose 5*g = 4*j - 16, -j + z = j + 4*g. What is the units digit of j?
9
Let v be 46/(6/3) - 1. Let l be (32/(-20) - -2)/(1/10). Let f = v + l. What is the units digit of f?
6
Suppose h - 8 = 2. What is the hundreds digit of 1/(-10)*2 - (-1122)/h?
1
Suppose 13*r = 12*r. Let x be -4 - ((-4 - -2) + r). What is the tens digit of (x + 4 + 121)/3?
4
Let z = -104 - -193. Let g = z + -19. What is the units digit of g?
0
Let u(f) = -f**3 + 3*f**2 + 10*f. Let n be u(5). Let h(l) = -2*l + 33. What is the tens digit of h(n)?
3
Let u = 1793 + -1175. What is the tens digit of u?
1
Let f = -4 - -9. Let x(q) = q**2 - q + 6. Let i be x(f). Let d = i + -14. What is the tens digit of d?
1
Suppose -5*b - 3*m + 65 = 0, 3*b - 4*m - 8 = 2. What is the units digit of b?
0
Let r be (27/(-18))/(1/(-2)). Suppose r*z - d = 46, -2*d + 3*d + 29 = 2*z. What is the tens digit of z?
1
Let a be 1*(-2 + 3)*(-252)/(-4). Suppose -3*x + 4*x = 2. Suppose -2*f + 135 = 3*z, -228 = -x*f + 3*z - a. What is the tens digit of f?
7
Let z be (-1)/3 + 60/18. Suppose z*g - 12 - 15 = 0. What is the units digit of g?
9
Let z(x) be the second derivative of -x**4/12 + 5*x**3/2 - 10*x**2 + 10*x. What is the tens digit of z(9)?
3
Suppose 3*f - 2*f - 3 = 0. Suppose -2*x + 5*x + 203 = 4*l, 0 = -x + f. What is the tens digit of l?
5
Suppose -5*n = -f - 4 - 15, -5*f + 5*n - 55 = 0. Suppose -3*v + 1 - 16 = 0. What is the tens digit of 30/f*27/v?
1
Suppose 0 = 2*l + 2*z - 2, -19*l + 4*z + 41 = -14*l. Let x = 121 + -65. Suppose -2*i - l*k = -x, -i + 0*k + 2*k = -37. What is the units digit of i?
3
Suppose 0 = 4*t - 4*n + 124, 4*t + 2*n = n - 129. Let a = t - -65. Suppose j + 13 = a. What is the tens digit of j?
2
Let u = -34 + 61. Let m be -3*(1 - 0)*u. Let a = -43 - m. What is the tens digit of a?
3
Suppose i + 57 = 2*i. Let o = i + -4. What is the units digit of o?
3
Let b(v) = -209*v**3 - 2*v - 1. What is the hundreds digit of b(-1)?
2
Let f(s) = 11*s**2 - 79. What is the hundreds digit of f(-9)?
8
What is the units digit of -87*((-385)/21 - -4)?
7
Let w(j) = -95*j - 2. Let r be w(-1). Let m = r - -34. What is the units digit of m?
7
Let g(t) = t**2 + 2*t - 3. Let u = 8 + -6. Let k be g(u). What is the units digit of k + (-5)/(5/3)?
2
Let o = -882 + 1604. What is the units digit of o?
2
Let z(t) = -46*t**2 + 5*t - 5. Let l be z(2). Let j = -84 - l. What is the units digit of j?
5
Let m(y) be the second derivative of -11*y**6/720 + y**5/30 + 3*y**4/4 + 2*y. Let b(d) be the third derivative of m(d). What is the units digit of b(-2)?
6
What is the hundreds digit of ((-45210)/(-440))/(1/((-16)/(-6)))?
2
Let q(n) = -n**3 + 15 - 13*n + 17*n**2 + 3*n**2 - 6*n**2 - 3*n. Let t be q(13). What is the tens digit of t/(-9)*21/2?
2
Suppose -68 = -13*k - 3. Suppose k*i = -56 + 386. What is the units digit of i?
6
Suppose n = -4*n - 350. Let l(o) = 8*o + 29. Let x be l(12). Let g = n + x. What is the units digit of g?
5
Let x = 26 - 31. Let g be (-6)/(-1) - (x + 1). Suppose -7*q + g*q - 48 = 0. What is the tens digit of q?
1
Let b(g) = 4*g - 5*g + g**2 - 5*g + 36 + 4*g. What is the tens digit of b(0)?
3
Suppose w = g + 120, -3*w - 111 - 25 = g. Let p = -65 - g. What is the units digit of p?
9
Let f = -85 - -74. Let x = 14 + f. What is the units digit of x?
3
Let s(d) = 31*d + 2. Let x be s(-5). Let o = x - -104. Let l = 81 + o. What is the units digit of l?
2
Let g = 1604 + -1204. What is the tens digit of g?
0
Let d be ((-606)/(-9) - 3)*-3. Let w = 353 + d. Let c = w - 91. What is the units digit of c?
9
Let i be 31/11 + (-4)/(-22). Let n be (264 + -2)*(-3)/i. What is the units digit of 4/22 + n/(-11)?
4
Suppose -22*x + 132 = -66. What is the units digit of x?
9
Let d be 2/(2 + (-14)/8). Let i = -102 + 104. Suppose i*z - 14 = d. What is the tens digit of z?
1
Suppose 5*k + 3*p = 1008, 281 = 2*k + p - 123. Suppose 0*q = -5*q - w + 993, -q + k = 2*w. What is the hundreds digit of q?
1
Suppose 5*g = 3*l + 14991 + 17851, 2*g - 13120 = -3*l. What is the hundreds digit of g?
5
Suppose -36 = -5*i + 474. What is the units digit of i?
2
Suppose -3*m - 2753 = -h, -39*h + 42*h = 3*m + 8235. What is the thousands digit of h?
2
Suppose 5*m + 0*q + 34 = -q, 2*m + 32 = -5*q. Let j be (-4)/m - (-21)/9. Suppose -85 = -j*y - 1. What is the units digit of y?
8
Let g(d) = d**2 - 9*d + 3. Let b be g(9). Let f(o) = b - 4 - 16*o + 2*o - 4*o. What is the tens digit of f(-1)?
1
What is the units digit of 3/(-6) - -3*2836/24?
4
Let o = 217 + 967. What is the tens digit of o?
8
Suppose 0 = -v - u - 102, -3*v - 4*u - 381 = -76. Let o = v - -182. What is the tens digit of o?
7
Let s(l) = -l**2 + 12*l + 32. Let v be s(14). What is the units digit of 100 + (4/(-8)*v - 0)?
8
Let k = -1071 + 1701. What is the tens digit of k?
3
Let n(g) = g**2 - 11*g - 8. Let s be n(12). What is the tens digit of (-66)/(-33)*(190/s + -1)?
9
Let w be 1 + (3 - 0) + -9. Let a(u) = -u**2 - 6*u + 8. What is the units digit of a(w)?
3
Let w = -34 - -31. Let y(a) = -6 - 10*a - 14 + 15. What is the units digit of y(w)?
5
Suppose -5*r + 56 = -169. What is the tens digit of 0 - -6*r/10?
2
Let p be 16 + -16 - (-225 - 0). Suppose 10*k - 15*k = -p. What is the units digit of k?
5
Suppose -6*l + 1875 + 2031 = 0. What is the hundreds digit of l?
6
Suppose 4*w + 4*i = -0*i, -30 = -5*w + 5*i. Suppose -4*u - w*j - 191 = -0*u, 5*u + 2*j = -244. Let c = -35 - u. What is the units digit of c?
5
Let a be (-26)/(-